
What are the prime factors of 6686144635?
5, 31, 43136417
What are the prime factors of 4662799300?
2, 5, 46627993
List the prime factors of 575832308.
2, 143958077
What are the prime factors of 267925683?
3, 251, 355811
What are the prime factors of 35126483?
7, 607, 1181
List the prime factors of 25162956.
2, 3, 7, 13, 7681
List the prime factors of 897839.
401, 2239
What are the prime factors of 261803270?
2, 5, 71, 368737
What are the prime factors of 82477697?
2531, 32587
What are the prime factors of 411286595?
5, 337, 244087
What are the prime factors of 5791610461?
7, 13, 63644071
List the prime factors of 572211380.
2, 5, 13, 2200813
What are the prime factors of 18942099?
3, 11, 574003
What are the prime factors of 1094684149?
13, 23, 281627
What are the prime factors of 51578583?
3, 7, 2456123
List the prime factors of 1030433307.
3, 29, 137, 86453
What are the prime factors of 73541591?
73541591
What are the prime factors of 174876826?
2, 59, 1482007
What are the prime factors of 590983249?
590983249
List the prime factors of 16101883.
7, 2300269
What are the prime factors of 56006782?
2, 13, 239, 9013
What are the prime factors of 1331605444?
2, 13, 17, 1506341
What are the prime factors of 268658909?
47, 5716147
What are the prime factors of 7608102027?
3, 2536034009
List the prime factors of 273240781.
11, 24840071
What are the prime factors of 318056683?
7, 31, 263, 5573
What are the prime factors of 2640456160?
2, 5, 37, 193, 2311
List the prime factors of 344264337.
3, 4250177
What are the prime factors of 1527777952?
2, 37, 67, 19259
List the prime factors of 1647447397.
1647447397
List the prime factors of 3111642.
2, 3, 29, 1987
What are the prime factors of 50435298?
2, 3, 311329
List the prime factors of 273236996.
2, 83, 823003
What are the prime factors of 42401432?
2, 5300179
What are the prime factors of 34182627?
3, 11394209
What are the prime factors of 1609279459?
1609279459
List the prime factors of 4240950374.
2, 41, 51718907
What are the prime factors of 123762194?
2, 4297, 14401
What are the prime factors of 189996092?
2, 11, 13, 332161
What are the prime factors of 1444702213?
5399, 267587
What are the prime factors of 2459083702?
2, 19, 64712729
What are the prime factors of 4241288961?
3, 7, 13, 43, 83, 1451
List the prime factors of 28645418.
2, 101, 109, 1301
What are the prime factors of 360470702?
2, 53, 337, 10091
List the prime factors of 3129144495.
3, 5, 31, 883, 7621
What are the prime factors of 131752681?
3989, 33029
List the prime factors of 7009249999.
7009249999
List the prime factors of 19116281.
19116281
List the prime factors of 825258851.
14221, 58031
What are the prime factors of 124472900?
2, 5, 1244729
What are the prime factors of 52685778?
2, 3, 23, 47, 8123
List the prime factors of 17449315.
5, 13, 19, 71, 199
What are the prime factors of 40767593?
131, 311203
What are the prime factors of 478020627?
3, 7, 1083947
What are the prime factors of 323947314?
2, 3, 41, 438953
What are the prime factors of 34643256?
2, 3, 1443469
What are the prime factors of 3559656242?
2, 1779828121
What are the prime factors of 55807160?
2, 5, 1395179
List the prime factors of 33894852.
2, 3, 29, 173, 563
What are the prime factors of 56462229?
3, 2467, 2543
What are the prime factors of 956446642?
2, 478223321
List the prime factors of 704954526.
2, 3, 9103, 12907
List the prime factors of 508123717.
61, 131, 63587
List the prime factors of 126106593.
3, 47, 151, 5923
List the prime factors of 1575760370.
2, 5, 43, 223, 16433
What are the prime factors of 5178434726?
2, 41, 73, 865091
List the prime factors of 1500764151.
3, 61, 101, 81197
List the prime factors of 31134003.
3, 509, 20389
List the prime factors of 4659813578.
2, 7, 79, 953, 4421
What are the prime factors of 129353887?
13, 37, 268927
What are the prime factors of 244101015?
3, 5, 587, 9241
List the prime factors of 382309476.
2, 3, 31859123
List the prime factors of 52850904.
2, 3, 2202121
List the prime factors of 687266709.
3, 281, 701, 1163
What are the prime factors of 393960374?
2, 103, 1912429
What are the prime factors of 1123488846?
2, 3, 47, 179, 2473
What are the prime factors of 1539887890?
2, 5, 153988789
What are the prime factors of 4610399036?
2, 23, 50113033
What are the prime factors of 56809535?
5, 2659, 4273
List the prime factors of 6595553.
523, 12611
List the prime factors of 8735378.
2, 41, 307, 347
What are the prime factors of 5546663946?
2, 3, 23, 29, 153997
What are the prime factors of 693458905?
5, 5393, 25717
What are the prime factors of 71259954?
2, 3, 17, 127, 5501
List the prime factors of 1599867561.
3, 31, 2383, 7219
What are the prime factors of 790248719?
13, 41, 67, 22129
List the prime factors of 153964592.
2, 73, 193, 683
List the prime factors of 227868824.
2, 19, 269, 5573
What are the prime factors of 212769823?
7, 67, 453667
List the prime factors of 1853842422.
2, 3, 59, 5236843
What are the prime factors of 1360837578?
2, 3, 37, 6129899
List the prime factors of 39525962.
2, 7, 2823283
List the prime factors of 942719060.
2, 5, 157, 300229
List the prime factors of 119720211.
3, 13, 641, 4789
List the prime factors of 84346236.
2, 3, 13, 37, 4871
List the prime factors of 1571423084.
2, 7, 11, 17, 300119
What are the prime factors of 56516326?
2, 28258163
What are the prime factors of 18902358?
2, 3, 233, 4507
What are the prime factors of 824933310?
2, 3, 5, 27497777
What are the prime factors of 46459806?
2, 3, 41, 188861
List the prime factors of 76034090.
2, 5, 11, 23, 41, 733
What are the prime factors of 386322692?
2, 7, 13797239
What are the prime factors of 67974207?
3, 7, 79, 40973
List the prime factors of 75322869.
3, 17, 1476919
List the prime factors of 86291137.
293, 294509
What are the prime factors of 28262588?
2, 29, 243643
List the prime factors of 105604368.
2, 3, 499, 4409
What are the prime factors of 76548272?
2, 4784267
List the prime factors of 524798049.
3, 109, 751, 2137
What are the prime factors of 2220870555?
3, 5, 47, 38891
List the prime factors of 90692148.
2, 3, 191, 39569
What are the prime factors of 4168904575?
5, 11, 107, 141679
What are the prime factors of 47553626?
2, 127, 187219
List the prime factors of 4210411507.
1747, 2410081
What are the prime factors of 283623779?
13697, 20707
List the prime factors of 437844640.
2, 5, 829, 3301
List the prime factors of 2401809697.
7, 343115671
List the prime factors of 8460958.
2, 11, 384589
List the prime factors of 4068695665.
5, 10357, 78569
What are the prime factors of 166892947?
13, 617, 20807
What are the prime factors of 6162918525?
3, 5, 4691, 5839
What are the prime factors of 857040841?
743, 1153487
What are the prime factors of 466765078?
2, 13, 31, 579113
List the prime factors of 153790685.
5, 37, 831301
What are the prime factors of 458810198?
2, 7, 11, 541, 5507
What are the prime factors of 410889488?
2, 179, 143467
List the prime factors of 13231181.
433, 30557
List the prime factors of 50406551.
13, 53, 149, 491
What are the prime factors of 214055318?
2, 919, 116461
What are the prime factors of 73976473?
3253, 22741
List the prime factors of 169354080.
2, 3, 5, 7, 53, 317
List the prime factors of 1980643450.
2, 5, 29, 47, 29063
What are the prime factors of 22094728?
2, 2761841
List the prime factors of 1013488452.
2, 3, 347, 81131
What are the prime factors of 350685427?
3037, 115471
List the prime factors of 1215608143.
1215608143
List the prime factors of 28763786.
2, 14381893
List the prime factors of 3191769385.
5, 7, 43, 181, 11717
List the prime factors of 3109441933.
13, 17, 47, 299359
List the prime factors of 58295417.
281, 207457
List the prime factors of 76420899.
3, 17, 499483
What are the prime factors of 89605371?
3, 29868457
What are the prime factors of 16270763?
16270763
What are the prime factors of 75142467?
3, 8349163
List the prime factors of 91988796.
2, 3, 7665733
List the prime factors of 71279588.
2, 17819897
List the prime factors of 6737536.
2, 13, 4049
What are the prime factors of 2544385037?
2544385037
List the prime factors of 53635265.
5, 10727053
What are the prime factors of 61797846?
2, 3, 11, 85121
List the prime factors of 135451786.
2, 349,